hat is -2033133 - 10?
-2033203
In base 14, what is -4 - -258?
254
In base 14, what is -20c - -17?
-1d5
In base 7, what is 121 + 54?
205
In base 8, what is 4 - -44?
50
In base 6, what is -1501 + 1?
-1500
In base 4, what is -22101 + -1?
-22102
In base 6, what is -1554 - -2?
-1552
In base 7, what is 262 - 1?
261
In base 2, what is 100 + 11000?
11100
In base 6, what is 10304 - 0?
10304
In base 4, what is 131 + 12?
203
In base 10, what is 2 - 5?
-3
In base 9, what is 28 - 1?
27
In base 2, what is -10 + 1000011001100?
1000011001010
In base 5, what is 131 - -1442?
2123
In base 9, what is 68 + 2?
71
In base 5, what is -2412111 - 1?
-2412112
In base 13, what is -11 - 6?
-17
In base 2, what is 101011100 + -1101?
101001111
In base 2, what is 101 - -110001110011?
110001111000
In base 8, what is 0 + 5212?
5212
In base 6, what is 1 - -453?
454
In base 4, what is 11 - -1213?
1230
In base 12, what is 2 - -40?
42
In base 7, what is 2 + -556?
-554
In base 4, what is -203 + -12132?
-13001
In base 11, what is 5 - -155?
15a
In base 16, what is 21b - 9?
212
In base 15, what is -b + -d?
-19
In base 11, what is -13 - -67?
54
In base 5, what is -3 - 3?
-11
In base 10, what is 28 - -43?
71
In base 15, what is -1 + -21?
-22
In base 2, what is -1100 + -10100011?
-10101111
In base 4, what is 120 + -10131?
-10011
In base 10, what is -4277 + -2?
-4279
In base 16, what is -11 + e7?
d6
In base 12, what is 168 - -2?
16a
In base 9, what is 87 - 1?
86
In base 16, what is d + -2?
b
In base 2, what is -10010 + -11001000?
-11011010
In base 8, what is -26 - 25?
-53
In base 6, what is -40 + 10?
-30
In base 15, what is 10 - -9e?
ae
In base 6, what is -5 - 5242?
-5251
In base 14, what is -9b - 2?
-9d
In base 7, what is -430 + -1?
-431
In base 3, what is -210100 - 12?
-210112
In base 3, what is -12 + -111?
-200
In base 10, what is 10 + 49?
59
In base 4, what is -11 + -1232?
-1303
In base 6, what is -3 + -3144?
-3151
In base 11, what is -240 - -50?
-1a0
In base 7, what is 6 - 124?
-115
In base 11, what is 2 - 131?
-12a
In base 14, what is 5 + -33a?
-335
In base 13, what is -6a2 - 1a?
-6bc
In base 11, what is 3 - 45?
-42
In base 13, what is 3b + -12?
29
In base 7, what is 4 + -1446?
-1442
In base 16, what is -106 - -5?
-101
In base 5, what is 1 + -14404?
-14403
In base 11, what is -1 + -4641?
-4642
In base 4, what is -300302 + -2?
-300310
In base 13, what is -7046 - -2?
-7044
In base 9, what is -248 - -23?
-225
In base 12, what is 77 - 2?
75
In base 4, what is -1 - -1?
0
In base 3, what is 221 + 20?
1011
In base 10, what is -23 - 42?
-65
In base 4, what is 10 - -232021?
232031
In base 9, what is 1442 - 5?
1436
In base 6, what is -521 + -4?
-525
In base 15, what is -9 - -141?
137
In base 7, what is 5 + 1431?
1436
In base 2, what is 1000 - -100110110?
100111110
In base 13, what is a4 + -198?
-c4
In base 3, what is -10 - 120?
-200
In base 4, what is -330 + 11?
-313
In base 16, what is 9 + -1a?
-11
In base 6, what is -5 + -140?
-145
In base 10, what is 1591 - 3?
1588
In base 7, what is 0 - -33?
33
In base 9, what is -1 - 3?
-4
In base 7, what is 0 + 332?
332
In base 15, what is -19a - -1?
-199
In base 5, what is 2 - 11?
-4
In base 7, what is -121 - -3?
-115
In base 8, what is 0 + 4?
4
In base 4, what is -323233 - -11?
-323222
In base 4, what is 120 - 210?
-30
In base 7, what is 2 + -23?
-21
In base 2, what is 100101000 + 101100?
101010100
In base 2, what is -101 + 10?
-11
In base 3, what is 121201 + 1?
121202
In base 10, what is 9 + -81?
-72
In base 5, what is 0 - -112234?
112234
In base 13, what is 23b - -b?
249
In base 2, what is 1110001110011 - 100?
1110001101111
In base 9, what is 560 - -4?
564
In base 3, what is 112221 - 2?
112212
In base 11, what is -67 - 36?
-a2
In base 5, what is 10 + 131024?
131034
In base 16, what is -131 - -d?
-124
In base 12, what is -11b - 2b?
-14a
In base 10, what is 0 + -1461?
-1461
In base 7, what is 24020 - -4?
24024
In base 14, what is -3 - 17?
-1a
In base 15, what is c - a?
2
In base 15, what is 14c - d?
13e
In base 15, what is 1c7 + 2?
1c9
In base 14, what is -a4 - -15?
-8d
In base 16, what is 4 + ddd?
de1
In base 16, what is -3 - 1?
-4
In base 6, what is 544 + 20?
1004
In base 9, what is -26 - -62?
35
In base 14, what is -4 + 59a?
596
In base 12, what is -5 + -29a?
-2a3
In base 8, what is 2 + 1564?
1566
In base 14, what is -4c + -35?
-83
In base 4, what is 0 + 3100?
3100
In base 2, what is 101 - 101101110?
-101101001
In base 13, what is -4 + b02?
acb
In base 6, what is 0 + 411?
411
In base 14, what is 367 - -4?
36b
In base 8, what is 2 - 223?
-221
In base 14, what is -d - 1?
-10
In base 9, what is 4 - 714?
-710
In base 4, what is 2203112 - 3?
2203103
In base 12, what is -17 - 91?
-a8
In base 12, what is 1b - 18b?
-170
In base 7, what is -46 - -1?
-45
In base 2, what is -1110 - 11011000?
-11100110
In base 2, what is 100111011 - 111?
100110100
In base 2, what is 1000110111 - 100?
1000110011
In base 5, what is -10 + 113?
103
In base 12, what is 2 - 31?
-2b
In base 9, what is -47 + 436?
378
In base 3, what is -220 - 0?
-220
In base 7, what is 20 + -4?
13
In base 7, what is 356 + 5?
364
In base 10, what is 1291 + -8?
1283
In base 9, what is -2 - 13?
-15
In base 4, what is -1 + 210031?
210030
In base 3, what is 12 - -120?
202
In base 11, what is -3 + 148?
145
In base 7, what is 103 + 10?
113
In base 2, what is -10 - 10011011?
-10011101
In base 13, what is 11a + -4?
116
In base 7, what is -5 - 43?
-51
In base 15, what is -10 + 2?
-d
In base 3, what is -2000 + 2000?
0
In base 10, what is 37 + 5?
42
In base 10, what is -1 + 33?
32
In base 2, what is 11 - -11100?
11111
In base 10, what is -6783 + 3?
-6780
In base 2, what is 1 + 1100100?
1100101
In base 9, what is -46 - -1138?
1082
In base 5, what is 1103 + 1?
1104
In base 14, what is -61d - -5?
-618
In base 6, what is -1454 - 3?
-1501
In base 4, what is -12 + 12?
0
In base 2, what is 0 + 101011?
101011
In base 14, what is 2d7 - -1?
2d8
In base 12, what is 1 + -12?
-11
In base 11, what is 60 - 4?
57
In base 15, what is -9954 - -3?
-9951
In base 12, what is 9478 + 4?
9480
In base 11, what is 0 + 17?
17
In base 6, what is 222 + 3?
225
In base 6, what is -1052 + 2?
-1050
In base 5, what is 310142 + -1?
310141
In base 4, what is -12 + -220?
-232
In base 3, what is -2 + -1111?
-1120
In base 16, what is 5 - 332?
-32d
In base 14, what is -37d - -1?
-37c
In base 13, what is b - 176?
-168
In base 6, what is 20134 + 3?
20141
In base 5, what is 4001 + -3?
3443
In base 5, what is -412 + 221?
-141
In base 7, what is 161 + -10?
151
In base 16, what is 8b + -6?
85
In base 10, what is 0 + 521?
521
In base 16, what is -5 + 31?
2c
In base 7, what is -2260 - 4?
-2264
In base 4, what is 10 - 1?
3
In base 14, what is 7 + -322?
-319
In base 4, what is -2003322 - -11?
-2003311
In base 15, what is 14 + 3b?
50
In base 16, what is da4 - 3?
da1
In base 8, what is 3 - -34?
37
In base 13, what is -84 - -2a?
-57
In base 15, what is -9 - 8?
-12
In base 11, what is 3a1 - -5?
3a6
In base 15, what is 3 + -b2?
-ae
In base 12, what is 57 + -5?
52
In base 9, what is -304 + -76?
-381
In base 15, what is -4 + 4a?
46
In base 16, what is -4 + 318?
314
In base 10, what is -4 - -60?
56
In base 13, what is 9 + 14a?
156
In base 14, what is 9 - -95?
a0
In base 7, what is -23251 + -5?
-23256
In base 13, what is 16 - 2a?
-14
In base 14, what is b + 37?
44
In base 13, what is 1 + -892?
-891
In base 7, what is 5 - -256?
264
In base 9, what is 5 + -37?
-32
In base 15, what is -61 + 23?
-3d
In base 12, what is -8 + -8b?
-97
In base 2, what is -11010011000 - 11?
-11010011011
In base 2, what is 10111 - -1010?
100001
In base 12, what is -2 + -a68?
-a6a
In base 12, what is -5 + -28?
-31
In base 3, what is -11121202 + -2?
-11121211
In base 7, what is -252 - -53?
-166
In base 4, what is -200 + -21?
-221
In base 14, what is 5 + 249?
250
In base 13, what is -7c + 4?
-78
In base 15, what is 11 + e?
20
In base 2, what is 10000001 - -1?
10000010
In base 10, what is 8 + 119?
127
In base 4, what is -3013 - -1312?
-1101
In base 9, what is 12702 + 4?
12706
In base 6, what is 1452 - 23?
1425
In base 11, what is 280 - 3?
278
In base 2, what is -11 + 100110111?
100110100
In base 11, what is 4 + -2196?
-2192
In base 7, what is -11332 + -5?
-11340
In base 15, what is 58e - 3?
58b
I